k?
21
Let z = 310 - 161. What is the remainder when z is divided by ((-3)/(-2))/((-12)/(-304))?
35
Let o be 39*((-32)/(-6) + 28/(-7)). What is the remainder when ((-8)/3)/(4/(-6)) + o is divided by 10?
6
Let o = 42 + -21. What is the remainder when 41 is divided by o?
20
Let w(t) = t**3 + 5*t**2 - 2*t - 6. Suppose z = 11 - 15. Calculate the remainder when w(z) is divided by (-23)/(-5) + (-2)/(-5).
3
Let t be -24*(0 + -3) - 3. Suppose -w + t = 2*x - 37, x = 3*w - 297. Calculate the remainder when (-2)/(292/w - 3) is divided by 7.
4
Let n = 2 - 15. Let p = n - -12. Calculate the remainder when p + 40/(5 - 4) is divided by 10.
9
Let t(r) = -6*r + 1. Let j(y) = -y**3 + 2*y - 2. Let i be j(1). Calculate the remainder when 41 is divided by t(i).
6
What is the remainder when 136*(5/65)/((-4)/(-26)) is divided by 15?
8
Suppose -25*b + 5*t = -20*b - 90, -3*b - 2*t = -29. Calculate the remainder when 37 + (-3)/(6/2) is divided by b.
10
Let s(g) = -2*g**2 + 4*g - 12. Let c(t) = -2*t**2 + 3*t - 11. Let k(j) = -5*c(j) + 4*s(j). Calculate the remainder when k(-9) is divided by 41.
37
Calculate the remainder when 236 is divided by ((-40)/(-10) - 5)*-13.
2
Let s(k) = -k**2 - 13*k - 10. Let r be s(-10). Suppose -9*q = -r*q + 220. Calculate the remainder when 58 is divided by q.
18
Let r = -94 + 109. What is the remainder when -7 - -9 - (1 - 27) is divided by r?
13
Suppose -2*z + z = 0. Suppose z = -3*l - l + 12. Calculate the remainder when 28 is divided by (-12)/18 - (-20)/l.
4
Let k be (-7)/28 - 1/(-4). Let c be 1*(-4)/(-12)*k. Suppose -a + t = -7, c = 2*a + 2*t - 3 - 23. What is the remainder when 47 is divided by a?
7
Let r be (39 - 3)/((-6)/(-4)). Let g = -13 + r. Calculate the remainder when (g/2)/((-6)/(-108)) is divided by 34.
31
Let o = 64 - 3. Let n = -31 + 56. Calculate the remainder when o is divided by n.
11
Calculate the remainder when 353 is divided by 1067/121 - 14/(-77).
2
Let r(l) = -4*l**2 - 6*l - 3 + 0 - 2*l**3 - 7. Let v = -209 - -205. What is the remainder when r(v) is divided by 20?
18
Calculate the remainder when 112 is divided by (-2 - 49/(-28))*-76.
17
Let a = 4 + -5. What is the remainder when 4 + 381/24 + (-3)/(-24) is divided by (a + (6 - -2))*1?
6
Let x = 1 - 1. Suppose -w + 11 = 3*r, x*r = -4*r + 5*w - 17. What is the remainder when 1*(51 + 1 + r) is divided by 14?
12
Let u(h) = -151*h + 50. Calculate the remainder when u(-3) is divided by 103.
91
Suppose -2*k = -3*b + 2*k - 11, -4*b = -5*k + 13. Let x = 2 + b. Calculate the remainder when (1/5)/(1/115) is divided by x.
3
Let h = -36 - -36. Suppose 197 = 5*d - 3*u, -d + 38 = -h*d - 2*u. What is the remainder when d is divided by ((-8)/10)/((-2)/35)?
12
Let n(g) = -63*g - 46. Let q(t) = 44*t + 31. Let m(u) = 5*n(u) + 7*q(u). Suppose 0*i + 4*i = -44. Calculate the remainder when m(i) is divided by 22.
20
Let j be ((-8)/(-14))/((-2)/(-77)). Let y = 29 - j. Let x = 29 - 17. What is the remainder when x is divided by y?
5
Suppose s + 0*z = -z + 27, -2*z = 3*s - 80. Suppose -r - 9 = -4*c + 19, 0 = -2*c - 3*r + 14. Calculate the remainder when s is divided by c.
5
Suppose 0 = 3*o - 7*o - 224. Let t = o - -87. What is the remainder when t is divided by 8?
7
Let v = -1520 + 1619. What is the remainder when v is divided by 34?
31
Calculate the remainder when 236 - (-1 - (2 + -2)) is divided by 40.
37
Let q(n) = 10*n**3 + n**3 + 0*n**3. Let d(p) = -2*p**2 - 24*p + 223. What is the remainder when q(1) is divided by d(-18)?
4
Let c = -9 - -30. What is the remainder when 22 is divided by c?
1
Let w = 329 + -292. Calculate the remainder when 182 is divided by w.
34
Let b(q) = -q - 6*q**2 + q**2 + 32 - 8 + 4*q**2. What is the remainder when 70 is divided by b(0)?
22
Let a(u) = -u - 1. Let g = -1014 + 1037. What is the remainder when g is divided by a(-9)?
7
Let d(f) = -3*f**3 - 2*f**2 - 2*f. Let a be d(-2). Let x = a - -2. Calculate the remainder when x is divided by 6.
4
Suppose f + 2*f = 90. Let y = 46 - 29. Calculate the remainder when f is divided by y.
13
Suppose -10*z + 819 = 229. Calculate the remainder when z is divided by 39.
20
Let h = -29 + 140. Calculate the remainder when h is divided by (1 - 0)/(2/76).
35
Suppose 5*m - 7 = -4*t, -35 = -5*t - m - 0*m. Let g be 22/t - (-7)/28. Let b = -1 + g. Calculate the remainder when 3 is divided by b.
1
Let q(g) = g**3 - 6*g**2 + 16*g - 25. Calculate the remainder when q(8) is divided by 39.
36
Let o(v) = 2*v**2 + 16*v - 19. What is the remainder when o(-19) is divided by 13?
9
Let d(m) be the third derivative of m**5/12 + m**4/6 - 7*m**3/6 - 7*m**2. What is the remainder when d(2) is divided by 1*(2 + 9)*1?
10
Let i = -568 + 625. What is the remainder when 226 is divided by i?
55
Calculate the remainder when (3 + -2)/((-3)/(-318)) is divided by 36.
34
Let b(c) = -1 + 4*c - 2*c - c**2 - 9*c. Let i be b(-6). Let u = -1 + i. What is the remainder when 9 is divided by u?
1
Let v(z) be the third derivative of z**4/4 - z**3/6 - 2*z**2. Calculate the remainder when v(8) is divided by (-87)/(-6) + 57/38.
15
Let w = 962 - 865. What is the remainder when w is divided by 10?
7
Suppose 5*i - 6 = -91. Let l(g) = -g**3 - 16*g**2 + 15*g - 22. What is the remainder when 47 is divided by l(i)?
11
Let j = 235 + -95. Suppose -5*v + j = 5. Let x = 56 - v. Calculate the remainder when x is divided by 16.
13
Let x = -34565 - -34579. Suppose 0 = 5*g + 2*v - 1151 + 393, g + 3*v = 149. What is the remainder when g is divided by x?
12
What is the remainder when (1380/18)/(2*(-1)/(-12)) is divided by 58?
54
Let s(w) = -w**3 - 15*w**2 - 16*w - 24. Let t be s(-14). Calculate the remainder when -2*(132/(-8) - t/1) is divided by 14.
13
Let z(k) = k**3 + 5*k**2 - k - 1. Let y be z(-5). Suppose -2*v - 2*w = w - 21, v - y*w = 16. Calculate the remainder when 21 is divided by v.
9
Suppose 4*u - 210 = -4*b - 42, -3*u + 212 = 5*b. Let g be 6/9 + 7/3. Suppose g*s = -2*s + 75. Calculate the remainder when b is divided by s.
13
Suppose -30 = -4*f - 2*f. Suppose 297 = f*v - 3*l, v + 281 = 6*v + l. What is the remainder when v is divided by 10?
7
Let f be (1 + -2 + 4)*-1. Let h(g) = g**2 + 4*g + 5. Calculate the remainder when h(f) is divided by 2.
0
Suppose -4 = -5*k + 4*h + 32, -2*h = 8. Let n(q) = 7*q + 7. Calculate the remainder when 173 is divided by n(k).
33
Calculate the remainder when 10/48*6*700 is divided by 73.
72
Let d = -9 + 22. Suppose 8*j - 230 = -70. Let b = j - 13. What is the remainder when d is divided by b?
6
Let s(i) = -2*i**2 + 120*i + 139. What is the remainder when 455 is divided by s(61)?
13
What is the remainder when 64 is divided by 335/12 + 1/12?
8
Let u = -198 - -206. Let k be (49 - 1) + -1 - 1. Suppose 3*o = o + k. Calculate the remainder when o is divided by u.
7
Suppose 21 = -4*d + 9. Let f(l) = -2*l**3 - 5*l**2 - 3*l - 2. What is the remainder when 2/(-4) - (-186)/4 is divided by f(d)?
14
Let x(a) = a**3 - 5*a**2 - 8*a + 5. Let p be x(6). Let w(s) = -8*s**2 - s + 10*s**2 + 6*s - 8. What is the remainder when w(p) is divided by 14?
13
Calculate the remainder when 166 is divided by (-86)/(-2) + (1 - 2 - 0).
40
Let r be (9/(-6))/(1/(-54)). Suppose -u = p - 27, 0 = p + 2*p - u - r. Let a = -11 + 26. What is the remainder when p is divided by a?
12
Suppose -p = -2*d + 18, -5*p = -4*d + 9*d - 30. What is the remainder when 33 is divided by d?
1
Suppose 4*k - 15 = k. Suppose 9 = -3*z, k*v + z = -3*z + 168. Suppose -27*o = -22*o - 65. Calculate the remainder when v is divided by o.
10
Let u = 5 - -6. Suppose o = -4*o + 35. Suppose 13*b - 516 = o*b. Calculate the remainder when b is divided by u.
9
Let k = 63 + -38. Let w = -5 + k. What is the remainder when 39 is divided by w?
19
Suppose -a + 6*a = 4*l - 420, a - 96 = -l. What is the remainder when 398 is divided by l?
98
Suppose -3*p = -42 + 6. What is the remainder when 31 is divided by p?
7
What is the remainder when 161 is divided by (16/6 - 2)/(6/243)?
26
Let b = -173 + 209. Suppose b*d + 39 = 37*d. Suppose u + 3*s - 26 = 7*s, u - 5*s = 30. Calculate the remainder when d is divided by u.
9
Suppose 2*i - 230 = -2*r, -4*i - 12*r + 535 - 43 = 0. Let d(l) = -3*l + 4. Calculate the remainder when i is divided by d(-4).
15
Calculate the remainder when 249 is divided by 5/3*936/20.
15
Suppose w + 5*i - 7 = 0